ose 8*u + 49 + 55 = 0. Let q(y) = -2*y**2 - 36*y - 129. Let d be q(u). Give g(d).
-14
Let f(i) be the second derivative of i**5/20 + i**4 + i**3/3 + 7*i**2/2 - 217*i. What is f(-12)?
-17
Let q(i) = 5*i + 82. Suppose -626*y = -627*y - 4*b - 50, 0 = -2*b - 16. Give q(y).
-8
Let p(u) be the first derivative of -u**4/4 - 2*u**3 - 5*u**2/2 + 4*u + 2. Suppose 0 = -r - 2*o + 17, 2*o - 32 = -5*r + 3*r. Suppose -8*c = -5*c + r. Give p(c).
4
Let y(g) be the third derivative of g**5/60 - 23*g**4/24 + 29*g**3/3 + 539*g**2. What is y(20)?
-2
Let a = -831 + 839. Let j(m) = a - 2*m**2 - 12*m**2 - 3 + 7*m**2 + 6*m**2. Let b be 6/21 + (-4)/14. Determine j(b).
5
Let a(i) = -2*i - 1. Let h(p) = -15*p + 2. Let u(v) = -a(v) + h(v). Let n(m) = m - 2. Let g(t) = -4*n(t) - u(t). What is g(4)?
41
Let z(y) = -125 + 27 + 2*y + 45 - 4*y - 25. Determine z(-34).
-10
Let l = -17 - -21. Let d(s) = 10*s**2 - 6 - 21*s**2 + 9*s**2 - s + s**2. Let m(n) = n**2 + 2*n + 6. Let w(c) = l*d(c) + 5*m(c). Give w(-6).
6
Let v = -7295 + 7299. Let p(b) be the third derivative of 11*b**2 - 1/3*b**v + 0 + 1/60*b**5 + b**3 + 0*b. Determine p(6).
-6
Let k(s) = 5*s - 3. Suppose -x = 5*o - 25, 7*o = 12*o - 6*x - 25. Determine k(o).
22
Let n be (18/(-4))/((-7)/14) - 2. Suppose 0 = n*a + 7 - 28. Let o(c) = -c**2 + c + 2. Give o(a).
-4
Let t be -3*2 + 56/28. Let u be (18/(-12))/(3/t). Let f(i) = -6 - 3*i - i**u + 2*i**3 - 1 + 5. Give f(-2).
-16
Let l(f) be the third derivative of 1/24*f**4 + 8 + 1/2*f**3 + 0*f - f**2. Let i = -1 + -2. Determine l(i).
0
Let p(a) = a**2 - 9*a + 9. Let b(z) = z**3 - 4*z**2 + 5*z - 6. Let n = -47 - -51. Let t be b(n). Suppose -x + f - t = -3*f, 0 = -4*x + 2*f + 14. Calculate p(x).
-9
Let c be 5 + (40/(-5))/(-8). Let m(g) = -138 - 10*g**2 + 125 + 5*g**3 - c*g**3 + 8*g. What is m(-11)?
20
Let t = -257 - -259. Let i(d) = -d + d - t + 2 - 5*d - 7. Calculate i(-2).
3
Let l = -44 + 45. Let g(d) = l + 3 + 5*d - 4 - 3. Let a be g(2). Let i(s) = s**3 - 6*s**2 - 8*s + 6. Determine i(a).
-1
Suppose 15*h = 16*h - 8. Let o be (-10)/15*12/h. Let s(d) = -35*d**3 + d + 1. Determine s(o).
35
Let m(l) = l**2 + 2*l - 4. Let t(x) = -6*x**2 + 285*x - 144. Let f be t(47). Calculate m(f).
-1
Let d(z) = -z**2 - 8*z - 2. Let h = -14 - -26. Suppose -3*n - 6 - h = 0. Calculate d(n).
10
Let t(n) = -4*n**3 + n**2 - n. Suppose -y = -5*a - 47, -y + a + 43 = -0*y. Let s be 0*(-7)/y + -2. What is t(s)?
38
Let b be 208/20 + (-2)/5. Suppose -b - 18 = 4*n. Let y(u) = -4*u - 6. Let l(h) = 5*h + 9. Let v(q) = 5*l(q) + 6*y(q). Give v(n).
2
Let j(r) be the second derivative of r**4/4 + 5*r**3/3 + 11*r**2/2 - 26*r + 34. What is j(-6)?
59
Let w(s) = 2*s + 6. Let l be w(2). Let b(d) be the first derivative of 8*d**2 - l*d**2 + 4 - 5 + 3. Calculate b(-1).
4
Let t be (1/(-2))/((-146)/(-3796)) - (-21)/(-3). Let w(g) = g**3 + 22*g**2 + 38*g - 37. Give w(t).
3
Let p(f) = -f**3 - f + 2. Let k(b) = 4*b**3 + 5*b**2 + 4*b - 3. Let t(z) = k(z) + 3*p(z). Let j = -150 + 61. Let d = j - -84. Calculate t(d).
-2
Suppose 4*x + 0 = 4. Suppose 6*r + 24 = 72. Let p(n) = 15 - 7 + r*n - 8 - 4*n**2 - 7*n - 1. What is p(x)?
-4
Suppose 0 = 4*u - 2*u - 14. Suppose 0 = -11*b + u*b + 24. Let g(l) = 3*l - 9. Let f(s) = -4*s + 10. Let i(z) = 2*f(z) + 3*g(z). What is i(b)?
-1
Let v(s) be the second derivative of -5*s**4/12 + s**3/3 + 987*s. Determine v(3).
-39
Let a(o) = -o**3 + o**2 + 2. Suppose -m = -n, n = -4*n - 2*m. Let k be a(n). Suppose -15 = -k*b + 6*b + q, -2*q - 21 = 5*b. Let t(p) = -4*p + 3. Give t(b).
15
Let w(h) = -4*h + 2. Let q = -407 + 763. Let n = q + -363. Determine w(n).
30
Let n(j) be the third derivative of -j**7/5040 + j**6/720 + 29*j**5/60 - j**3/3 - 262*j**2. Let v(f) be the third derivative of n(f). Give v(2).
-1
Let r = -18053 + 18055. Let p(s) be the first derivative of 27 + 7/2*s**r + s. Calculate p(-3).
-20
Let h(r) = -73*r + 214. Let c(x) = -55*x + 165. Let w(p) = -9*c(p) + 7*h(p). Calculate w(1).
-3
Let i(j) = j**3 - 5*j**2 + 11*j - 10. Suppose 141*q = 92*q + 196. Give i(q).
18
Let w(h) = -h**2 - 2*h - 3. Suppose 2*y + 3*y = 70. Suppose 0 = -6*r - 12 + 24. Suppose -2*q + 14 = r*s, -2*q - 3*q + y = -2*s. Give w(s).
-18
Suppose 10*o - 11*o = 2*m - 4, m = 5*o - 31. Let j(q) = 4*q + q + 4*q. What is j(m)?
-9
Let l(p) = p. Let j(d) = d**2 + 21*d + 27. Let k(s) = j(s) - 5*l(s). Suppose 5*z + 16*f + 80 = 11*f, -5*z - 2*f = 74. Calculate k(z).
-1
Let l(n) = -2*n**2 - 2*n + 3. Let v(w) = -3 - 34*w - 3*w**2 + 5*w**2 + 62*w - 25*w. Let m(h) = 3*l(h) + 4*v(h). Determine m(-5).
17
Let p(j) = 6*j**3 - 16 + 6*j**3 + 41*j - 22*j**2 - 14*j**3 + 3 + 3*j**3. Determine p(20).
7
Let c = 4041 - 4051. Let i(m) = m**2 + 6*m - 2. Give i(c).
38
Suppose -7*q - 24 = 4. Let z(s) be the first derivative of 2*s + 2*s**2 - s - 11 + s. What is z(q)?
-14
Let q(z) = -z**3 - z + 1. Let o(j) = 2*j**3 - 10*j**2 - 4*j - 1. Let x(p) = o(p) + 3*q(p). Determine x(-6).
-100
Let d(x) = 2*x**2 + 3 + 2 + x**2 - 5*x. Let s(l) = l - 53 + 0*l - 31 + 83. Let m(u) = -d(u) - 6*s(u). Determine m(1).
-3
Let x(q) = 2*q**3 + 5*q**2 + 5*q + 12. Let m = -9665 + 9660. Calculate x(m).
-138
Let y(w) = -3*w**2 + w + 19. Let h be (8/(-40))/(10 + (-298)/30). What is y(h)?
-11
Let k(h) be the second derivative of -2*h**2 - 1/6*h**3 + 10 - 6*h. Calculate k(-5).
1
Suppose -a - 1 = 3. Let y = 436 + -434. Let c(v) = -3 + v**3 + 9*v + 4*v**y - 5*v + v**2 - 2*v. Calculate c(a).
5
Let t(x) = -5*x - 39. Let k(v) = -3*v - 26. Let i(c) = 8*k(c) - 5*t(c). Let b = -250 - -256. Calculate i(b).
-7
Let h(x) = x**2 - 13*x - 1332. Let p be h(-31). Let q(l) = -l**3 + 34*l**2 - 62*l - 69. Calculate q(p).
-5
Suppose -5*t - n = -4*n + 157, 0 = -4*t - 2*n - 108. Let p = t - -31. Let x(m) = 1 - 3*m + m - 3*m. What is x(p)?
-9
Let d(s) = 20*s**3 + 52*s**2 - 50*s - 144. Let i(y) = -2*y**3 - 5*y**2 + 5*y + 14. Let w(g) = 2*d(g) + 21*i(g). What is w(-1)?
2
Suppose 0 = -4*r - 4*v + 24, 17*v + 18 = 20*v. Let z(c) = c. Let x(y) = 5. Let q(p) = x(p) - 2*z(p). What is q(r)?
5
Suppose 0 = 5*l - 5*d + 1330, 2*l + 5*d - 10*d = -526. Let a = -273 - l. Let f(z) = -z**3 - 4*z**2 + 6*z + 3. Give f(a).
-2
Let g(k) = -k**3 - 19*k**2 + 18*k - 36. Let o be (13/(-5))/(13/(-65)). Suppose 0 = o*c - 44*c - 620. Calculate g(c).
4
Let i(k) = k**3 - 9*k**2 + 15*k - 4. Let d = -9646 - -9653. What is i(d)?
3
Let l(x) = -2*x**2 - x + 7. Let u(z) = 2*z**3 + 16*z**2 + 19*z + 41. Let o be u(-7). Give l(o).
-71
Let t(l) be the third derivative of -3*l**5/20 + l**2. Suppose -94 = 86*j - 8. Give t(j).
-9
Let l(u) = u**2. Let n(k) = 2*k**3 - 3*k**2 - 2*k - 3. Let p(j) = -4*l(j) - n(j). Suppose r - t - 55 = 28, -5*r = 2*t - 401. Let m = r - 83. Calculate p(m).
11
Let h(a) = 3*a**2 + 2*a - 8. Let n(g) = 17*g**2 + 11*g - 54. Let s(i) = 6*h(i) - n(i). Let u = 19 + -7. Suppose 3*k = 4*b - u, 0*k - 16 = 4*k. Calculate s(b).
6
Let a(v) = 93*v**2 + 19*v**2 + 24*v**2 - 23*v - 164*v**2 - 123 + 27*v**2. Determine a(-19).
-47
Let x(m) = m**3 + 9*m**2 + 17*m - 4. Let o be x(-6). Let j be ((-3)/o)/(12/56). Let y(v) = 2*v + 10. Determine y(j).
-4
Let f(j) = -3*j**2 + 10*j - 25. Let r(i) = -i**2 + 5*i - 12. Let o(c) = -2*f(c) + 5*r(c). Let t = -95 - -136. Suppose -q = -34 + t. What is o(q)?
4
Let t(r) be the second derivative of -r**5/10 - r**4/12 - 234*r. Give t(-1).
1
Suppose 0 = -12*l + 624 - 660. Let j(q) = 7*q**3 + 3*q**2 + 8*q + 3. Let s(i) = -i**3 - i. Let a(u) = j(u) + 6*s(u). Calculate a(l).
-3
Let o(t) = -123*t**3 + 25*t**2 + 49*t - 67. Let x(y) = 19*y**3 - 4*y**2 - 8*y + 11. Let r(s) = 2*o(s) + 13*x(s). What is r(4)?
17
Let u(r) = -r**3 + 8*r**2 - 33*r + 189. Let a be (-9 - (-160)/24)/(-2 + (-5)/(-3)). Determine u(a).
7
Let b(y) = -58 + 9212*y**2 - 4605*y**2 - 4606*y**2. Calculate b(-7).
-9
Suppose 3*q + 3 = 0, -2*d + 2 - 1 = -q. Suppose -3*x + 21 = 5*w, 5*x = 5*w - d - 45. Let h = w + -1. Let l(b) = b**3 - 4*b**2 - 3*b - 3. Give l(h).
7
Let s(i) = -6*i**2 + 14. Let z(c) = -18*c**2 + 40. Let u = 179 + -196. Let b(r) = u*s(r) + 6*z(r). What is b(2)?
-22
Let l(c) = 1454*c**2 - 1545*c + 1542*c + 6 - c**3 - 1456*c**2. Give l(0).
6
Suppose 4*t = 4, -5*i - 3*t = -2*t - 401. Let z = -88 + i. Let j(s) = 13. Let y(m) = -m + 1. Let w(n) = -j(n) + 2*y(n). Give w(z).
5
Let a be ((-2)/(6/15) - -7)/(-2). Let d(c) = 19*c. Give d(a).
-19
Let b(z) =